{"id":13,"date":"2012-10-02T18:27:48","date_gmt":"2012-10-02T16:27:48","guid":{"rendered":"http:\/\/anleitungen.wollefaerben.com\/?page_id=13"},"modified":"2012-10-02T18:27:48","modified_gmt":"2012-10-02T16:27:48","slug":"vom-knauel-zum-strang","status":"publish","type":"page","link":"https:\/\/anleitungen.wollefaerben.com\/?page_id=13","title":{"rendered":"Vom Kn\u00e4uel zum Strang"},"content":{"rendered":"<p>Manchmal kommt die Wolle die man f\u00e4rben will nicht als Strang daher, sondern als h\u00fcbsches, s\u00fcsses Kn\u00e4uel.<br \/>\nMit einer (Schirm-) Haspel wird daraus ganz schnell und simpel &#8211; und ohne Wollchaos &#8211; ein Strang.<\/p>\n<p>Meine Hauptdarsteller:<br \/>\nKn\u00e4uelchen Wolle und mein kleines Schirmhaspelchen:<\/p>\n<p><img decoding=\"async\" src=\"https:\/\/anleitungen.wollefaerben.com\/wp-content\/uploads\/2012\/vorbereitungen\/basic_knaeuel-strang_mit-haspel\/001_vomknaeulelzumstrang.jpg\" alt=\"wir f\u00e4rben Wolle! F\u00e4rbst Du mit? www.wollefaerben.com\" \/><\/p>\n<p>Ich bin ein Simpel!<br \/>\nIch knote die Wolle rigoros fest an der Haspel.<br \/>\nNat\u00fcrlich schon mit einem Knoten der sich einfach l\u00f6sen l\u00e4sst aber ich will kein Chaos beim haspeln \ud83d\ude09<\/p>\n<p><img decoding=\"async\" src=\"https:\/\/anleitungen.wollefaerben.com\/wp-content\/uploads\/2012\/vorbereitungen\/basic_knaeuel-strang_mit-haspel\/002_curly.jpg\" alt=\"wir f\u00e4rben Wolle! F\u00e4rbst Du mit? www.wollefaerben.com\" \/><\/p>\n<p>Dann geht&#8217;s los!<br \/>\nDen Faden nun zur &#8222;Schere&#8220; f\u00fchren und dort hineinlegen. Immer ein St\u00fcck vom Kn\u00e4uel abwickeln und die Haspel drehen.<\/p>\n<p><img decoding=\"async\" src=\"https:\/\/anleitungen.wollefaerben.com\/wp-content\/uploads\/2012\/vorbereitungen\/basic_knaeuel-strang_mit-haspel\/003_haspeln.jpg\" alt=\"wir f\u00e4rben Wolle! F\u00e4rbst Du mit? www.wollefaerben.com\" \/><\/p>\n<p>Nicht jede Haspel ist unbedingt soooooo kr\u00e4ftig gebaut dass sie wirklich grossem Zug standhalten kann.<br \/>\nMein \u00d6mchen schon gar nicht *lach*<br \/>\nDrum lieber von Kn\u00e4uel abwickeln, der Haspel einen Schups geben, wieder abwickeln, wieder Haspel drehen&#8230;. mit Murks kommt man da nicht weit. Immer sch\u00f6n mit Gef\u00fchl.<\/p>\n<p><img decoding=\"async\" src=\"https:\/\/anleitungen.wollefaerben.com\/wp-content\/uploads\/2012\/vorbereitungen\/basic_knaeuel-strang_mit-haspel\/004_wollhaspel.jpg\" alt=\"wir f\u00e4rben Wolle! F\u00e4rbst Du mit? www.wollefaerben.com\" \/><\/p>\n<p>Und immer weiter und weiter drehen bis das Kn\u00e4uel fertig ist. Den Strang am besten noch an der Haspel dran ein wenig abbinden, man hat wirklich schneller ein Wollchaos als man denkt &#8211; und so geht&#8217;s grad prima \ud83d\ude00<\/p>\n<p><img decoding=\"async\" src=\"https:\/\/anleitungen.wollefaerben.com\/wp-content\/uploads\/2012\/vorbereitungen\/basic_knaeuel-strang_mit-haspel\/005_schirmhaspel.jpg\" alt=\"wir f\u00e4rben Wolle! F\u00e4rbst Du mit? www.wollefaerben.com\" \/><\/p>\n<p>Mit viel Gef\u00fchl von der Haspel nehmen (Haspel &#8222;zusammenfalten&#8220;, dann geht&#8217;s von ganz allein), hinlegen und je nach dem vielleicht noch ein bissel mehr abbinden.<br \/>\nFertig ist der (F\u00e4rbe-) Strang:<\/p>\n<p><img decoding=\"async\" src=\"https:\/\/anleitungen.wollefaerben.com\/wp-content\/uploads\/2012\/vorbereitungen\/basic_knaeuel-strang_mit-haspel\/006_tischhaspel.jpg\" alt=\"wir f\u00e4rben Wolle! F\u00e4rbst Du mit? www.wollefaerben.com\" \/><\/p>\n<p>Oooooh so liebe Kuschelwuschelflauschewolle!<\/p>\n<p><img decoding=\"async\" src=\"https:\/\/anleitungen.wollefaerben.com\/wp-content\/uploads\/2012\/vorbereitungen\/basic_knaeuel-strang_mit-haspel\/007_strang.jpg\" alt=\"wir f\u00e4rben Wolle! F\u00e4rbst Du mit? www.wollefaerben.com\" \/><\/p>\n<p>A propos Kuschelwuschel:<\/p>\n<p><img decoding=\"async\" src=\"https:\/\/anleitungen.wollefaerben.com\/wp-content\/uploads\/2012\/vorbereitungen\/basic_knaeuel-strang_mit-haspel\/siamkatze_loreley.jpg\" alt=\"Siamkatzenbaby\" \/><\/p>\n<p>Ist nicht schwer mit der Haspel umzugehen. Nur nie mit Gewalt etwas murksen, das m\u00f6gen sie nicht, die Haspelinas \ud83d\ude09<br \/>\nOhne Haspel nimmt man einfach einen Mann \/ Stuhllehne \/ Armlehne oder auch ein W\u00e4schest\u00e4nder geht ganz gut.<br \/>\nIch w\u00fcnsche viel Spass beim buntmachen, geniesst die Farben!<br \/>\nLiebe Gr\u00fcsse,<br \/>\nEure Tumana<\/p>\n<p><img decoding=\"async\" src=\"https:\/\/anleitungen.wollefaerben.com\/wp-content\/uploads\/2012\/banner\/seitenbanner1.jpg\" alt=\"https:\/\/anleitungen.wollefaerben.com\/wp-content\/uploads\/2012\/banner\/seitenbanner1.jpg\" \/><\/p>\n","protected":false},"excerpt":{"rendered":"<p>Manchmal kommt die Wolle die man f\u00e4rben will nicht als Strang daher, sondern als h\u00fcbsches, s\u00fcsses Kn\u00e4uel. Mit einer (Schirm-) Haspel wird daraus ganz schnell und simpel &#8211; und ohne Wollchaos &#8211; ein Strang. Meine Hauptdarsteller: Kn\u00e4uelchen Wolle und mein &hellip; <a href=\"https:\/\/anleitungen.wollefaerben.com\/?page_id=13\">Weiterlesen <span class=\"meta-nav\">&rarr;<\/span><\/a><\/p>\n","protected":false},"author":2,"featured_media":0,"parent":10,"menu_order":0,"comment_status":"open","ping_status":"closed","template":"","meta":{"footnotes":""},"class_list":["post-13","page","type-page","status-publish","hentry"],"_links":{"self":[{"href":"https:\/\/anleitungen.wollefaerben.com\/index.php?rest_route=\/wp\/v2\/pages\/13","targetHints":{"allow":["GET"]}}],"collection":[{"href":"https:\/\/anleitungen.wollefaerben.com\/index.php?rest_route=\/wp\/v2\/pages"}],"about":[{"href":"https:\/\/anleitungen.wollefaerben.com\/index.php?rest_route=\/wp\/v2\/types\/page"}],"author":[{"embeddable":true,"href":"https:\/\/anleitungen.wollefaerben.com\/index.php?rest_route=\/wp\/v2\/users\/2"}],"replies":[{"embeddable":true,"href":"https:\/\/anleitungen.wollefaerben.com\/index.php?rest_route=%2Fwp%2Fv2%2Fcomments&post=13"}],"version-history":[{"count":1,"href":"https:\/\/anleitungen.wollefaerben.com\/index.php?rest_route=\/wp\/v2\/pages\/13\/revisions"}],"predecessor-version":[{"id":14,"href":"https:\/\/anleitungen.wollefaerben.com\/index.php?rest_route=\/wp\/v2\/pages\/13\/revisions\/14"}],"up":[{"embeddable":true,"href":"https:\/\/anleitungen.wollefaerben.com\/index.php?rest_route=\/wp\/v2\/pages\/10"}],"wp:attachment":[{"href":"https:\/\/anleitungen.wollefaerben.com\/index.php?rest_route=%2Fwp%2Fv2%2Fmedia&parent=13"}],"curies":[{"name":"wp","href":"https:\/\/api.w.org\/{rel}","templated":true}]}}